7*x**3 + 4*x**2 - 1 + 4*x**2. What is v(z)?
-6
Let b(y) = y**2 - 4*y + 9*y**3 + 7*y - 9*y - 1 + 5*y + 0. Suppose 0*g = 2*g + 2. Determine b(g).
-8
Let i(l) = -l**3 - 7*l**2 - 9*l - 9. Let k be i(-6). Let m(d) = -d**2 + 8*d + 11. Let s be m(k). Let j = 4 - s. Let f(g) = -g**3 + 3*g**2 + 2*g. Calculate f(j).
8
Suppose -q + 4 = q. Let p(j) = -j**2 - j**2 + j**3 - 4 - 4*j - q*j**2 + 2*j. Give p(5).
11
Let q(c) = c + 3. Let f(h) = h - 2. Let s be f(4). Suppose s*z = 28 + 26. Suppose 0 = 4*n - 16, -2*n + z = 4*l + 3. What is q(l)?
7
Let u(t) be the first derivative of 2*t**2 + t - 1. Suppose -57 = m + 2*n + 3*n, -2*n + 22 = -m. Let q be ((-2)/3)/(m/(-48)). Give u(q).
-3
Suppose 2*b + 7 - 13 = 0. Suppose 0*p - b*j = p - 9, 2*j - 7 = -p. Let w(l) = 4*l - 3. Give w(p).
9
Let d(z) = 3*z**2 + 2 + 1 - 5*z**2 - 1 + 0 + 2*z. Calculate d(3).
-10
Let t(g) be the second derivative of -g**5/20 + g**4/12 - g**3/6 - 4*g**2 + 4*g + 4. Let o = -4 - -4. Determine t(o).
-8
Let a = 5 - 5. Let d(f) = f + 183 + 181 - 363. Determine d(a).
1
Let p be (-9)/(-5) + 3*1/15. Let f(g) = 4 - 7*g + g**p - 10*g + 8*g + 0*g. Calculate f(8).
-4
Let y be ((-8)/(-2)*(-200)/(-160))/(-1). Let g(p) = -9*p - 37. Give g(y).
8
Let s(p) = 3*p**2 + 7*p. Let u(n) be the first derivative of -4*n**3/3 - 7*n**2/2 - n - 2. Let l(g) = -5*s(g) - 4*u(g). Calculate l(7).
4
Let x(o) = -17*o - 309. Let y be x(-18). Let b(g) = -2*g + 4. Give b(y).
10
Let v be 4 - ((-1)/2 + (-3)/(-2)). Let i(m) = 4*m**3 + 6*m**2 - m + 6. Let h(y) = 3*y**3 + 6*y**2 + 5. Let o(a) = v*h(a) - 2*i(a). Give o(-6).
-9
Let h(k) be the first derivative of k**3/3 + 7*k**2/2 + 6*k + 50. Suppose 2*m + 8 + 6 = 0. Let f = m - -3. Give h(f).
-6
Let l(u) = 4*u**2 - 3*u - 4. Let w(y) = -2*y**2 + 2*y + 2. Let q(z) = 2*l(z) + 5*w(z). Calculate q(4).
-14
Let a(p) = -p**3 - 5*p**2 + 6*p - 6. Let m(c) = -c**2 - 7*c + 14. Let k be m(-7). Let b = 43 - k. Let d = b - 35. Determine a(d).
-6
Let d(l) = 2*l**2 + 11*l + 19. Let m be d(-3). Let k(b) = -b**2 + 5*b - 4. Determine k(m).
0
Let i(x) = -x**3 + 15*x**2 + x - 15. Let l = -2612 - -2627. Calculate i(l).
0
Let j be (-91)/(-35) - 8/(-20). Let i be -10*j/((-12)/2). Let f(n) = -n + 6. Determine f(i).
1
Let p(z) = -3*z + 4 - 3*z**3 - 8 - 7*z + 11*z + 3*z**2. Give p(-2).
30
Let r(y) be the first derivative of -y**4/24 + 5*y**2/2 + 11. Let t(i) be the second derivative of r(i). Calculate t(-4).
4
Suppose 0 = 10*m + 12*m + 22. Let f(n) = 23*n. Calculate f(m).
-23
Let l(z) be the second derivative of -z**3/3 + z**2/2 + 4*z. Let g be 10/(-6)*(-27)/9. Suppose -g*p = -10*p + 5. Determine l(p).
-1
Suppose -12 = -t - 2*t. Suppose 2*x - 10 = -3*g, -3*g - x + 6 + 2 = 0. Let z(l) = 5 + 0*l - g*l**2 + l**2 + l + l. Calculate z(t).
-3
Let b(g) = 3*g**3 + 10*g**2 - 2*g - 11. Let u(d) = d**3 + d**2 + d - 1. Let p(l) = -b(l) + 4*u(l). Calculate p(5).
12
Let v(m) = m**2 + 6*m + 4. Suppose -42 = -833*u + 839*u. What is v(u)?
11
Suppose 13*i = 3*i + 20. Suppose -q - 3*s + 18 = 0, 0 = -i*q - 2*q - 5*s + 51. Let t(m) = -m**3 + 10*m**2 - 10*m + 3. Give t(q).
-6
Let c(v) be the second derivative of -v**3/6 - 5*v**2/2 - 5*v - 8. Let p be 5/(-1)*12/(-15). What is c(p)?
-9
Let i(a) be the third derivative of -8*a**2 + 1/6*a**3 + 0*a**4 + 0*a + 0 + 2/15*a**5. Calculate i(-1).
9
Let r(i) = i**3 + 3*i**2 - 3*i - 7. Let w be r(-3). Let m(x) = 3*x**w + 4*x + x - 2 - 2*x - 2*x**2. Let h = 6 + -8. Give m(h).
-4
Let i(z) = -28*z**2 - 29*z**2 + 86*z**2 - 1 - 30*z**2. What is i(-2)?
-5
Let v(x) = -8*x - 5. Suppose 11*k - 6*k - 35 = 0. Let w(l) = 9*l + 5. Let s(u) = k*v(u) + 6*w(u). Give s(-4).
3
Let c(z) = 3*z**3 + z**2 - 6*z - 6. Let w(s) = s**2 + 4 - 7 + 5*s**3 - 8 - 11*s. Let p(f) = 7*c(f) - 4*w(f). What is p(-3)?
-4
Let l(t) = 3*t**2 - 127*t - t**3 + 129*t - 3 + 2*t**2. What is l(5)?
7
Let j(m) = -m**2 - 2*m - 8. Let c = -651 - -645. Calculate j(c).
-32
Let t(r) = 67*r**3 + 71*r**3 - r**2 - 9*r + 8*r**2 + 67*r**3 - 206*r**3. Determine t(5).
5
Let a = -110 + 105. Let t(n) be the first derivative of -n**4/4 - 4*n**3/3 + 3*n**2/2 + 3*n - 2. Determine t(a).
13
Let q(i) be the third derivative of i**4/4 + i**3/6 - 6*i**2 + 2. Calculate q(3).
19
Let x = -291 - -296. Suppose 0*v - 5*v = 0. Let z(n) = -n + 0*n + v*n - 1. Determine z(x).
-6
Let d(w) = w**3 - 5*w**2 - w + 5. Let q(u) = 2*u**3 - 5*u**2 - 2*u - 2. Let g be q(3). Let n be (70/(-56))/(g/(-4)). What is d(n)?
0
Let y = -41 + 21. Let a = -15 - y. Let r(o) = -o**2 + 3*o + 3. Calculate r(a).
-7
Let u(z) = -77*z - 20 + 166*z - 86*z. Determine u(7).
1
Let n = 3 + -9. Let a(t) = 3*t**3 + t**2 - 1. Let o be a(-1). Let r(u) = 5*u - 7. Let y(z) = -4*z + 6. Let p(w) = o*r(w) - 4*y(w). Give p(n).
-9
Let x = -1183 - -1200. Let n(w) = -3*w + 41. Give n(x).
-10
Suppose -4*o + 11 = 3*g, g + 14 = 3*g + 4*o. Let z(b) = -2*b**2 - 4*b + 2. Let p(s) = 3*s**2 + 6*s - 3. Let w(x) = 5*p(x) + 8*z(x). What is w(g)?
-2
Let z(r) = -2*r - 1. Let x be (-9)/15 - ((-84)/(-15))/(-1). Calculate z(x).
-11
Let c(k) = -k**2 - k - 1. Suppose -5*d - 25 = -17*v + 12*v, -2*d - 4*v = -8. Let b(s) = 2*s**2 - 4*s + 4*s. Let z(i) = d*b(i) - 3*c(i). Determine z(3).
3
Let l(q) = -3*q - 20. Let d(y) = -6*y - 38. Let g(h) = -6*d(h) + 11*l(h). Determine g(-4).
-4
Suppose 2*a = 4*a + 6. Let z(o) = -o. Let p(u) = -2*u. Let g(b) = a*z(b) + 2*p(b). Let k be 7 + -2 - ((-1)/(-1) - 2). Determine g(k).
-6
Suppose -4*o - 17 = l, 3*l + 2*o + 11 = 2*l. Let x be (0 - -3)*(-6)/(-9). Let c(q) = -7*q**2 + 8*q**x + 2 + 2 - 6 + 4*q. Determine c(l).
3
Let c = 8 - 5. Let g(r) = -c - 9*r**2 + r**3 + 1 + 2*r**2. Let y(w) = w**2 + 39*w + 367. Let q be y(-15). What is g(q)?
-2
Suppose 0 = -2*x - 10, 3*q = 5*x - x + 35. Suppose -1 = n + 5*i, 5*n + 8 - 25 = -3*i. Let j(g) = -4*g + 5 - g**3 + 2*g**2 + n*g**2 - 6. Calculate j(q).
4
Let d(r) = 2*r + 29. Suppose -5*s - 40 = 3*u - 12, 0 = -2*u - 3*s - 19. Determine d(u).
7
Let v(a) = -a**3 - 5*a**2 - 2*a - 8. Let z be v(-5). Let n(r) = 54*r**2 + 6 + r**3 - 6*r - 18*r**2 - 4*r - 27*r**z. Determine n(-10).
6
Let x(j) be the first derivative of 0*j**2 + 0*j**3 - 11 - 1/4*j**4 + 0*j. Determine x(-1).
1
Let u(p) = -p**3 + 4*p**2 + 3*p - 2. Let y(l) be the first derivative of l**4/2 - 2*l**3/3 - 3*l**2/2 + 3*l - 9. Let m be y(2). Give u(m).
-12
Let z(i) = 2*i - 13 - 18 + 25 - 3*i. What is z(6)?
-12
Let y(s) = s**2 + 10*s - 12. Let v be y(-12). Let z be (-4)/v + (-48)/(-9). Let i(d) = d**2 - 3*d - 3. What is i(z)?
7
Let b(l) = l**2 - l - 1. Let j(t) = -3*t**2 - 4*t + 1. Let i(c) = -2*b(c) - j(c). Let r be 21/14 + (-10)/4. Let n be (r - 1/(-4))*(0 + 4). Determine i(n).
-8
Let s be (-48)/(-9) - (2/(-3) + 1). Let h be (s/2)/(3/(-6)). Let z(i) = i**2 + 3*i - 3. Calculate z(h).
7
Suppose 4*b - h - 4 + 29 = 0, 0 = 5*b - h + 30. Let a be b + (-2)/(-4)*2. Let f(y) = 138*y - 71*y - 69*y. Give f(a).
8
Let s(c) be the second derivative of -7/6*c**3 + 7/24*c**4 - 1/60*c**5 + 0 - 5*c - 3*c**2. Let p(r) be the first derivative of s(r). Give p(5).
3
Let d(l) = 3*l**3 - 3*l**3 - 3*l**3 + 4*l**3 - 7*l - 5*l**2 + 5. Let g be (-10)/((1 + 1)/(-2)). Let m = 16 - g. Determine d(m).
-1
Let v(k) = -42*k**3 + 2*k**2 - 14 + 27 - 4*k**2 - 12. Calculate v(1).
-43
Let c(o) = 2*o**3 - 3*o**3 + 1 - 4 - 3. Suppose -9 = -3*a, -q - 5 = -2*a - 3. Let x = 4 - q. Calculate c(x).
-6
Suppose -20 = 4*f - p, f + 2*f - 5*p + 15 = 0. Suppose 4*b = 4*s + 5*b - 14, 5*b - 4 = 2*s. Let z(l) = 5*l**2 + l**3 - 4 + 0 - s + 5. Determine z(f).
-2
Let g(j) be the third derivative of j**6/120 + j**5/12 - j**4/3 - 2*j**3/3 - j**2. Let f be 16/(-8) - (-18)/3. Let n be (0 - f/5)/(22/165). Calculate g(n).
8
Let b(t) be the third derivative of -2/3*t**3 + 0 - 1/24*t**4 + 13*t**2 + 0*t. Give b(-5).
1
Let k = 8 + -7. Suppose 7 = -y + k. Let u be ((-2)/(-4))/(y/12). Let h(x) = 7*x + 1. Give h(u).
-6
Let u be (6/(-9))/((-2)/(-45)). Let y(i) = -i**2 - 15*i - 8. Determine y(u).
-8
Let h(p) = 3*p - 9. Suppose 9*n = 7*n - 10. Let c(x) = -4*x + 9. Let f(j) = n*h(j) - 4*c(j). Calculate f(-4).
5
Let x(h) be the first derivative of -h**3 - h + 1. Let g(w) = w**2 + 32*w + 59. Let s be g(-2). What is x(s)?
-4
Suppose -34*r = 6*r - 280. Let z(t) = -t**2 + 8*t + 5. Determine z(r).
12
Let o(u) be the second derivative of u**5/20 + u**4/12 + 2*u**3/3 + 4*u. Let p(k) be the second deriv